?
1031303033023
In base 11, what is 6812 + 648?
735a
In base 9, what is -4 + 41007063?
41007058
In base 7, what is -3 + 156614365?
156614362
In base 2, what is 100110 + 100111001101010011?
100111001101111001
In base 12, what is 575 - -3a623?
3ab98
In base 15, what is 37d857 + 1b?
37d873
In base 15, what is -3 + 4dbe6d?
4dbe6a
In base 3, what is 10 - -1022112122020101?
1022112122020111
In base 12, what is 289356 - 799?
288779
In base 3, what is 2000012100020001 - 1?
2000012100020000
In base 8, what is -2373611 - -17?
-2373572
In base 2, what is 1 - 1001011010100100100011?
-1001011010100100100010
In base 6, what is -254 + 5220344?
5220050
In base 11, what is -3a3a7 + -82?
-3a479
In base 2, what is -110101 + -10001101100110100101?
-10001101100111011010
In base 11, what is 1978 - -1244?
3111
In base 13, what is -57c + 642b?
5b7c
In base 3, what is 2002212210 - -12202?
2010002112
In base 12, what is 2085288 - -1?
2085289
In base 11, what is 35816 - -23?
35839
In base 12, what is 9 + 44927a?
449287
In base 4, what is 111012 + -213002?
-101330
In base 5, what is -11333344313010 + -4?
-11333344313014
In base 8, what is -175075631 + 2?
-175075627
In base 8, what is -417470 - -106?
-417362
In base 14, what is 3 - -54266d?
542672
In base 10, what is -3 - 1894306?
-1894309
In base 14, what is 43b1 + 1a6b?
603c
In base 9, what is -25 - -300202?
300166
In base 16, what is -7485e7 + 10?
-7485d7
In base 3, what is 12021 + 2020221211120?
2020222000211
In base 8, what is 10052004 + -502?
10051302
In base 11, what is -2186378 + -23?
-21863a0
In base 3, what is 12 - 11220120020211?
-11220120020122
In base 7, what is -5 + -4200530265?
-4200530303
In base 12, what is 1 + 3058173?
3058174
In base 5, what is 43224100 + -1?
43224044
In base 14, what is -720 - c2a7?
-c9c7
In base 14, what is -459 - -33191?
32b36
In base 5, what is -10 - 2333403313?
-2333403323
In base 14, what is 4 - -1012256?
101225a
In base 14, what is 3a3 - -bc38?
c1db
In base 6, what is -15321 - 2122504?
-2142225
In base 9, what is 206 + -137712?
-137505
In base 2, what is -100110001 + -100101110110111?
-100110011101000
In base 5, what is -14 - 100244030?
-100244044
In base 3, what is 12021212201 - 1121202?
12020020222
In base 4, what is -212010110 - -12112?
-211331332
In base 7, what is 1 - -121410022?
121410023
In base 14, what is -2ca45d - -29c?
-2ca1a1
In base 7, what is -3 + -31533122?
-31533125
In base 9, what is -62577 - 21?
-62608
In base 5, what is 141422 + 11311012?
12002434
In base 2, what is 10111111101001100 + 1111110101?
11000001101000001
In base 7, what is 4 - -15343653?
15343660
In base 12, what is -27 + -2664a3?
-26650a
In base 12, what is -14284a0 - -7?
-1428495
In base 9, what is 0 + -451874?
-451874
In base 10, what is -1507245 + -7?
-1507252
In base 10, what is 1808 - -49849?
51657
In base 5, what is -3 - 100302412030?
-100302412033
In base 7, what is 3 - 1203051230?
-1203051224
In base 13, what is 13 - 3aba89?
-3aba76
In base 5, what is 11134230142 - -14?
11134230211
In base 14, what is -1 - -799261?
799260
In base 3, what is 202222 + 2011212012110?
2011212222102
In base 9, what is -87878 - -4?
-87874
In base 6, what is 32404543 + 4?
32404551
In base 13, what is -116877 + 33?
-116844
In base 5, what is -33 - 10010144024?
-10010144112
In base 4, what is 10 - -10113010113?
10113010123
In base 8, what is -437024 - 55?
-437101
In base 13, what is 82 + 10b054?
10b106
In base 6, what is -1235404413 - -24?
-1235404345
In base 15, what is 2d + 2490ce?
24910c
In base 13, what is -5686b - -30b8?
-53783
In base 3, what is 2211121111001110 + -10?
2211121111001100
In base 9, what is -48736700 + -5?
-48736705
In base 15, what is 4 - -9b551?
9b555
In base 8, what is 374 - 175165?
-174571
In base 6, what is 125155324 + 442?
125200210
In base 9, what is 6544 + -8773?
-2228
In base 14, what is -5 + -d7724b?
-d77252
In base 7, what is -4 - 1553364651?
-1553364655
In base 3, what is 22 - -121012010202212?
121012010210011
In base 4, what is 3020133 + 1202013?
10222212
In base 14, what is -4c6dba + 6?
-4c6db4
In base 8, what is 2741 + 36736?
41677
In base 3, what is 122222221202222 + 11?
122222221210010
In base 12, what is -454266 - 57?
-454301
In base 11, what is -22554 - -16?
-22539
In base 16, what is -7 - -1931b64?
1931b5d
In base 16, what is -216621c + 3?
-2166219
In base 6, what is -111554004 - -253?
-111553311
In base 15, what is -150c4c + -3?
-150c50
In base 16, what is 455f0 + -8?
455e8
In base 12, what is -9448 - b3ba?
-18846
In base 16, what is 7 + -bb0903?
-bb08fc
In base 7, what is 156232064 + 26?
156232123
In base 14, what is -3 + -13c840d?
-13c8412
In base 7, what is -131323 + -3141?
-134464
In base 11, what is 94 + -375177?
-375093
In base 3, what is -21000212102 - -220121?
-20222221211
In base 2, what is 1000111010100001010 + 100011001?
1000111011000100011
In base 4, what is -2032023230302 - -103?
-2032023230133
In base 16, what is -57e - 4ff?
-a7d
In base 14, what is b6366 - a?
b635a
In base 11, what is -946197 + 215?
-945a82
In base 10, what is 0 - 1256866?
-1256866
In base 16, what is 5b4f - -a40?
658f
In base 3, what is 20 - -2110120122012021?
2110120122012111
In base 9, what is 1 + -837645134?
-837645133
In base 5, what is -301222 - -222042?
-24130
In base 9, what is -870 - 10564?
-11544
In base 8, what is 0 + 66574544?
66574544
In base 12, what is -155 + 4a676?
4a521
In base 8, what is 12223 + 5706?
20131
In base 5, what is 1 - -1002201213?
1002201214
In base 10, what is 2332 + 28657?
30989
In base 11, what is 12 - -75421?
75433
In base 16, what is -5 - -671ee5?
671ee0
In base 9, what is 1 - -15501613?
15501614
In base 6, what is -450 + -50135353?
-50140243
In base 9, what is 2 - -22856102?
22856104
In base 11, what is -37002165 + 3?
-37002162
In base 11, what is -31973789 - -3?
-31973786
In base 9, what is 2 + -37504380?
-37504377
In base 4, what is -1023311 - 101130012?
-102213323
In base 9, what is 18771 + -1328?
17442
In base 12, what is -4 + -2545a86?
-2545a8a
In base 8, what is 116311766 - -1?
116311767
In base 15, what is -733 - -22c25?
224e2
In base 10, what is 92943 - -81?
93024
In base 14, what is -625 + 82c77?
82652
In base 7, what is -1365 - 4646263?
-4650661
In base 5, what is 123143432 - 312?
123143120
In base 4, what is -311 - -30222130311?
30222130000
In base 5, what is -43124042 + -103?
-43124200
In base 3, what is -210020 - 10201201?
-11111221
In base 15, what is -147 + 53ec65?
53eb1d
In base 5, what is -203331231241 + -32?
-203331231323
In base 3, what is 21012022221200211 - 2?
21012022221200202
In base 9, what is 4 - -62243031?
62243035
In base 16, what is 1 - 1654b8e?
-1654b8d
In base 13, what is -3 + -1b772082?
-1b772085
In base 7, what is 354224303 - 10?
354224263
In base 6, what is -450 + -450305?
-451155
In base 3, what is -12 - 2022002200201?
-2022002200220
In base 11, what is 1797a974 - 18?
1797a957
In base 2, what is -11001101010110010100 - -1101?
-11001101010110000111
In base 6, what is 530245343 + -10?
530245333
In base 16, what is 21d2 - -be5?
2db7
In base 3, what is 2020 - -21221201220?
21221211010
In base 16, what is b7 - -28dff6?
28e0ad
In base 13, what is -2 - -c4b47b6?
c4b47b4
In base 2, what is -11001 - -11011100010000000101000?
11011100010000000001111
In base 2, what is -1100111000 - -10101000111100?
10011100000100
In base 7, what is -64054225 + 42?
-64054153
In base 2, what is 11010110010000101 - -1000100?
11010110011001001
In base 7, what is -15 - -45062602?
45062554
In base 7, what is 12 - -120626652?
120626664
In base 4, what is -1312110003010 + 3?
-1312110003001
In base 5, what is 2132330232 + 2?
2132330234
In base 4, what is 20320301 - 1101110?
13213131
In base 16, what is 689 + 9381?
9a0a
In base 15, what is -1cac6 - d4?
-1cbaa
In base 5, what is 333313413103 + 10?
333313413113
In base 12, what is -8364480 + 9?
-8364473
In base 15, what is -72 - -216931?
2168ae
In base 16, what is -161011 - -47?
-160fca
In base 4, what is -21031311 + -2231?
-21100202
In base 14, what is 19 - -10720?
10739
In base 6, what is -135021 + -4025?
-143050
In base 11, what is -17 - -51228?
51211
In base 15, what is 23e776 - d?
23e768
In base 13, what is -806b795 + 2?
-806b793
In base 8, what is 247015 + 1114?
250131
In base 16, what is 1d - -1a80ac?
1